l - 42 = -m. List the prime factors of m.
17
Suppose 1 = -3*b + 2*j, -4*b = -0*j - 3*j + 1. Let r = 11 - -10. Let y = r + b. List the prime factors of y.
2, 5
Suppose 624 = 97*m - 91*m. List the prime factors of m.
2, 13
Suppose -3*w + 5*v + 201 = 0, -3*w - 3*v = -6*w + 207. What are the prime factors of w?
2, 3
Let t be 10*(3/1)/3. What are the prime factors of 125/t + (-1)/(-2)?
13
Let v be 4/(-14) + 271/(-7). Let p(x) = -x**3 + 6*x**2 + 3*x + 1. Let f be p(7). Let l = f - v. List the prime factors of l.
2, 3
Let h = 75 + 18. What are the prime factors of h?
3, 31
Suppose -27*t + 25*t + 96 = 0. What are the prime factors of t?
2, 3
Suppose -6 = 2*m - m. Let q(y) = -y**3 - 7*y**2 - 10*y - 7. List the prime factors of q(m).
17
Suppose 0 = -a - 3*m + 20, 2*m = a - 2*a + 17. Let d = a - -11. List the prime factors of d.
2, 11
Let v = -21 + -4. Let l be ((-28)/5)/(10/v). List the prime factors of (l/(-4))/(3/(-6)).
7
Let b(p) be the first derivative of -p**4/4 - p**3/3 + 3*p**2/2 + 3*p - 1. Suppose 6 = -2*z - 0*z. List the prime factors of b(z).
2, 3
Let w = 4 - 6. Let f(b) = -3*b**3 - 2 + 2*b**2 - b**3 + 2*b + 0*b**3 + 3*b**3. List the prime factors of f(w).
2, 5
Let a(j) = -j**2 + 19*j + 3. What are the prime factors of a(6)?
3
Let i = 11 - 6. Suppose 0*z - z = -i. What are the prime factors of z?
5
Let h(m) = -m**3 + 10*m**2 + m - 2. Let z be h(10). Let p(d) = 4*d - 11. List the prime factors of p(z).
3, 7
Suppose 0 = 2*r - 16*r + 1470. What are the prime factors of r?
3, 5, 7
Let d = -5 - -7. Let i = -2 + d. Suppose i = z - 3, 2*z + 3*z - 31 = -b. List the prime factors of b.
2
Suppose 0 = 3*a + 2*a - 25. Suppose u - 11 = a. Let t = u + -4. What are the prime factors of t?
2, 3
Let p be (-2 - 0)/(1 + -3). Suppose t - 4 = -3*t, 0 = -2*k + 3*t + p. List the prime factors of k.
2
Let o = 0 - -29. List the prime factors of o.
29
Let z be 11/3 - (-2)/6. Suppose -z*o + 66 = -2*o. Suppose 0 = -2*m - m + o. List the prime factors of m.
11
Let y(b) = 36*b**2 + 3*b + 2. What are the prime factors of y(-3)?
317
Suppose -2*j - 10 = -100. List the prime factors of j.
3, 5
Let l = -9 - -15. List the prime factors of 80/l - 3/9.
13
Let m be ((-10)/(-4))/(1/2). Let i(k) = -5*k + 4*k**3 + 2 + k**2 + 5*k**2 - 5*k**3. What are the prime factors of i(m)?
2
Let j(t) = t**3 + t**2 + t + 20. Let o = -16 + 5. Let f = 11 + o. What are the prime factors of j(f)?
2, 5
Suppose -3*i + 25 = 2*v, -v - 4*v + 3*i + 94 = 0. What are the prime factors of v?
17
Let m(k) = 2*k**2 + 5*k + 19. List the prime factors of m(-6).
61
Suppose 5*i - 54 = 2*g, 3*g = -4*i + 33 + 24. List the prime factors of i.
2, 3
Let d(y) = -y**2 + 10*y + 3. Let z = -4 + 13. List the prime factors of d(z).
2, 3
Suppose 4*j + 6 = 3*y, 0*j = 3*y + 4*j - 6. Suppose m - 48 = o + y*o, o + 5 = 4*m. Let i = o - -31. List the prime factors of i.
2, 7
Suppose 6*v - 65 = 7. What are the prime factors of v?
2, 3
Let k(p) = -p**3 + 13*p**2 - 12*p + 14. Suppose 4*m + 4*c - 36 = 0, -2*m + 6 + 6 = 4*c. List the prime factors of k(m).
2, 7
Let v = -5 + 5. Suppose -3*t + v = 3. Let c(k) = -4*k**3 + 2*k**2 + 2*k + 1. List the prime factors of c(t).
5
Let y = -5 - -5. Let n(z) = -8*z - z**2 + 1 + y - 4. What are the prime factors of n(-3)?
2, 3
Let m = 0 + 0. What are the prime factors of (m - -9) + (2 - 3)?
2
Let c(b) = 28*b**2 - 2*b + 2. What are the prime factors of c(2)?
2, 5, 11
Let f(x) = 6*x**2 - x - 1. Let k be f(-1). Let n be ((-2)/(-3))/((-4)/k). Let t = n - -10. List the prime factors of t.
3
Suppose 0 = -2*i - 0*i - 10. Let w be (4/10)/(i/(-75)). List the prime factors of (-15)/w*4/(-5).
2
Let y(i) be the second derivative of 2/3*i**3 + i + 1/2*i**2 + 0 - 1/3*i**4 - 1/20*i**5. List the prime factors of y(-5).
2, 3
Let i = 8 - -2. Let s(z) = 6*z**2 - 15*z - 15. Let d(t) = 7*t**2 - 16*t - 16. Let v(h) = 5*d(h) - 6*s(h). What are the prime factors of v(i)?
2, 5
Suppose 3*j - 14 = 4*f - 2, -f = -j + 2. What are the prime factors of (-41)/(-4) + f/24?
2, 5
Suppose 0*u = 4*q + 2*u - 72, 3*q - 72 = 3*u. Let v = 35 - q. List the prime factors of v.
3, 5
Suppose -3*l + l + 12 = 2*b, 4*l + 3 = 5*b. Let r(t) = -t**2 + 4*t + 1. Let f be r(b). Suppose -f*m + 29 + 7 = 0. List the prime factors of m.
3
Let u be -13 - ((4 - 4) + 0). Let f = 27 + u. What are the prime factors of f?
2, 7
Let s be (75/(-10))/((-6)/8). List the prime factors of 6/s*(-4 + 19).
3
Suppose -5*z = 3*l - 10, 3*l = -z + 3 - 13. What are the prime factors of z?
5
Let i = 16 - 15. List the prime factors of 1/(1/i)*6.
2, 3
Let c be 2/3 - (-272)/6. Let m = -28 + c. List the prime factors of m.
2, 3
Let z(x) = 5 + 5*x - 3 - x**2 - 2*x. List the prime factors of z(2).
2
Let g be 49/2 - 1/2. Suppose 4*j = 2*x - g, 0 = -x + 6*x - 3*j - 60. List the prime factors of x.
2, 3
Suppose -15 = -k - 0*k. List the prime factors of k.
3, 5
Let d = 88 + -46. What are the prime factors of d?
2, 3, 7
Let w = -9 - -13. Suppose f + 17 + w = -r, -4*r = -4*f - 108. Let o = f + 34. What are the prime factors of o?
2, 5
List the prime factors of (395/(-15))/(3/(-9)).
79
Suppose 0 = 2*g - 41 - 101. List the prime factors of g.
71
Suppose 2*z = 8, -t - z + 0*z = -9. Suppose 5 = -t*b - 0*b. What are the prime factors of 6 - (2 + -2 + b)?
7
Suppose 5*t + 4*y - 348 = 0, 3*y + 2*y = 3*t - 231. What are the prime factors of t?
2, 3
Let z be (-8)/(-3) - (-2)/(-3). Suppose -z*p = -6, -5*p + p = -b - 10. Suppose 5*r - b*r = 6. What are the prime factors of r?
2
Let g be ((-16)/(-6))/(-2)*-21. Suppose 2*m - g = 4*x, x + 16 = m - 2*x. Let c(l) = -l**3 + 10*l**2 + 2*l - 8. What are the prime factors of c(m)?
2, 3
Let c(m) = 6*m**2 - m - 2. What are the prime factors of c(-3)?
5, 11
Let p(b) = b**2 - 7*b + 6. Let d be p(6). Suppose d*c - 9 = -3*c. List the prime factors of c.
3
List the prime factors of 4/(-26) + 10735/65.
3, 5, 11
Let j = 3 - 4. Let b = 13 - j. What are the prime factors of b?
2, 7
Let c(n) = -7*n - 2. Let a(z) = 7*z + 2. Let p(r) = 6*a(r) + 5*c(r). Let l be p(5). Suppose -5*g + l = -18. List the prime factors of g.
11
Let t(y) = 19*y - 5. List the prime factors of t(7).
2
Suppose 5*j - 285 = 3*i, -2*j - 3*i = -j - 75. Let d = -29 + j. Let l = d - 19. List the prime factors of l.
2, 3
Let n(g) = -g**2 - 16*g + 1. Let w be (-9)/(2 - 5/4). List the prime factors of n(w).
7
Let b(j) = -11*j - 1. What are the prime factors of b(-4)?
43
Let h be 1*1*(-1 + 8). Suppose 0 = 4*p - h*p + 27. List the prime factors of p.
3
Suppose 5*o = -3*i + 321, -3*i + 8*i = -3*o + 199. List the prime factors of o.
3, 7
Let u(h) = 11*h**2 - 11*h + 2. What are the prime factors of u(-5)?
2, 83
What are the prime factors of (-2 - -1)*1 + 14?
13
Let h(d) be the third derivative of d**5/60 + d**4/8 + d**3/3 - 3*d**2. Let j be h(-3). Suppose -j = 4*k - 10. List the prime factors of k.
2
Let b(x) = -x**3 + 14*x**2 + 2*x - 11. List the prime factors of b(14).
17
Suppose 8*f - 142 = 1458. List the prime factors of f.
2, 5
Let n(o) = o**3 + 8*o**2 - o - 5. Let t be n(-8). List the prime factors of 0 + 45/t - 0.
3, 5
List the prime factors of (((-310)/(-4))/1)/(2/4).
5, 31
Let x(a) = -a**2 - 6*a. Let d be x(-6). Suppose 0 = -3*k - 0 + 24. Suppose q + 2*f - 1 - k = d, 2*q - 5*f = 45. What are the prime factors of q?
3, 5
Suppose -3*c - 112 = 2*u, 2*u = -4*c - 0*u - 150. Let d = c - -63. List the prime factors of d.
5
Let v(l) = -l - 2. Let k be 5/(5/4)*-1. Let u be v(k). What are the prime factors of u/(-8) - (-180)/16?
11
Suppose -1 - 11 = -6*l. What are the prime factors of (-31)/l*2*-1?
31
Suppose 0 = -s + 2*s + 2*y + 25, -5*s - 117 = 2*y. Let k = s + 39. List the prime factors of k.
2
Let x(v) be the second derivative of v**3/6 - 3*v**2 - 2*v. Let u be x(8). Suppose u*h = -9 + 23. What are the prime factors of h?
7
Let q(d) = 3*d**3 - 2*d - 1. Let j be q(-1). Let t be 8 - (0 + j)*1. Suppose 0*h = -2*h + t. What are the prime factors of h?
5
Let v = -149 - -270. What are the prime factors of v?
11
Suppose -5*b + 3*g + 130 = 0, 0*b + 4*g = 2*b - 66. List the prime factors of b.
23
Let k = 7 + -28. Let m = 49 + k. What are the prime factors of m?
2, 7
Let p be 3/((-1)/(1 - 2)). Suppose p*y - 96 = y. Let x = y + -29. List the prime factors of x.
19
Suppose -614 = -5*t - 19. What are the prime factors of t?